 highest common factor of n and 9?
9
Let d be 132*((-6)/(-8))/(-1)*-8. Calculate the greatest common divisor of 352 and d.
88
Suppose 5*c = j - 3219, 4*j - c - 1850 = 11026. What is the highest common divisor of j and 87?
87
Suppose -3*w + 5*w - 31433 = -5*t, 3*w = -2*t + 12582. Calculate the highest common factor of t and 75.
15
Let f be ((-182)/(-63))/13 - (-1344)/27. Calculate the highest common divisor of 3050 and f.
50
Let x(a) = a**3 + 28*a**2 + 24*a - 101. Let v be x(-22). Calculate the greatest common divisor of v and 65.
65
Let i(z) = -1800*z + 9215. Let d be i(4). What is the greatest common divisor of d and 3565?
155
Suppose -4*c + 0*z + 5344 = 5*z, -5*c = 3*z - 6680. Calculate the greatest common divisor of 40 and c.
8
Suppose -3*o = -3*z + 39, -z + 5*o = -8 - 9. Let j(q) = -q**3 + 12*q**2 + 3*q + 6. Let n be j(z). What is the highest common divisor of 105 and n?
21
Let s(t) = -3*t**3 - 56*t**2 + 61*t + 18. Let y be s(-20). Calculate the highest common divisor of 3781 and y.
199
Suppose 66 = -65*g + 67*g - 5*r, -42 = -2*g + r. Calculate the highest common factor of 5058 and g.
18
Let h(j) = 6*j**2 - 4*j + 2. Let m = 127 + 17. Let b = -142 + m. Let x be h(b). Calculate the highest common factor of x and 36.
18
Suppose -g + 4 = g. Suppose -8 = -6963*n + 6959*n. Let w = n + g. Calculate the highest common factor of 2 and w.
2
Suppose 70 = 4*i + i + 5*u, -4*i - 3*u = -61. Suppose i - 40 = x. Let o be (-7)/(x/120) - 4. Calculate the greatest common factor of o and 36.
36
Suppose 4872 = -124*z + 472*z. What is the greatest common divisor of z and 854?
14
Let m = 8466 - 5694. What is the highest common factor of 630 and m?
126
Let s(w) = -83*w + 89. Let k be s(1). Calculate the greatest common divisor of 346 and k.
2
Suppose 3*z = 5*b - 21, -z - 2*z + 9 = 5*b. Let n be 0 + 6/2 + z + 55. Calculate the highest common factor of 42 and n.
14
Let x be 52/26 - -1*838. Let t be (144/(-21))/((-18)/63). Calculate the highest common divisor of x and t.
24
Suppose -3*o = -13*q + 16*q - 39, 0 = 2*o - 10. Let l be (-60952)/(-114) - (-8)/6. Calculate the highest common divisor of q and l.
8
Let t = -708 - -438. Let d = 303 + t. Calculate the greatest common factor of d and 12.
3
Let b = -194 + 198. Let c be 1*1/b + 18120/96. Calculate the greatest common divisor of c and 21.
21
Suppose -m - 3*i = m - 543, 3*m - 822 = 3*i. Let p = m + -207. Calculate the greatest common factor of p and 22.
22
Let r be 158 + ((-6)/9 - (-35)/(-15)). Let b = r + -113. Calculate the highest common divisor of b and 126.
42
Suppose -112*b + 118030 = 73*b. Calculate the greatest common factor of 264 and b.
22
Suppose -h + 3*h - 4 = 0. Let t(d) = d**2 + 41*d + 270. Let w be t(-8). Let a be (-2)/w - 871/(-39). Calculate the highest common divisor of h and a.
2
Let n(a) = 3*a**3 + 153*a**2 - 76*a + 24. Let t be n(-51). What is the greatest common factor of t and 234?
78
Let k(l) = -17*l - 3. Let b(n) = -n**3 - n**2 + n + 4 - 5 - 3*n. Let y be b(0). Let f be k(y). Calculate the highest common factor of f and 126.
14
Let o = -85 - -36. Let b be (-7 + 4 + 5)*63/2. Let f = o + b. What is the greatest common divisor of f and 28?
14
Suppose 5*b - 2*h - 20816 = 0, 10*h = 4*b + 6*h - 16672. Calculate the greatest common divisor of b and 65.
65
Let n = 108 + 14. Let b = -88 + n. Calculate the greatest common divisor of b and 1054.
34
Let v = -35 + 118. Let t = v + -44. Calculate the greatest common factor of 325 and t.
13
Suppose -67*u - 1034 = -8270. Calculate the greatest common divisor of 12 and u.
12
Suppose -5*r + 2*r - 105 = q, 5*q + 455 = -r. Let m be (-1005)/q - (-2)/(-12). Calculate the greatest common divisor of m and 11.
11
Suppose i = 5*i - 136. Let f = i - 26. Let s be (f/10)/((-17)/(-3230)). What is the greatest common divisor of s and 19?
19
Let b be ((2 + -3)*0)/1. Suppose b = g + 108 - 658. Suppose -178 = 6*u - g. Calculate the highest common divisor of u and 93.
31
Let c = 1826 + -734. Let r be (18/(-2))/(-9*7/c). Calculate the greatest common divisor of r and 12.
12
Let y(z) = -58*z - z**2 + 0 + 9 + 0*z**2 + 40*z. Let x be y(-19). Let m be (8/x)/((-2)/165). What is the greatest common factor of 165 and m?
33
Suppose 3*v - 3*z = 15, -5*z + 10 = -v + 3*v. Let h be -6*v/20*-22. Calculate the highest common divisor of 330 and h.
33
Suppose 19*c - 24*c = -115. Let j be (3 - c)*1*-1. Let g be ((-4476)/(-15))/4 + j/50. What is the highest common factor of g and 15?
15
Suppose -18*u + 17*u - 1 = 0, 4*u + 114 = 5*a. What is the highest common divisor of 13189 and a?
11
Suppose 25*r = 5*j + 20*r - 35, -4*j + 33 = -5*r. Calculate the highest common factor of j and 32.
2
Suppose -20 + 278 = 3*i. Suppose 12 = -83*f + i*f. Suppose -5*m + 22 = f*c, -c = -5*c - 8. What is the greatest common factor of 48 and m?
6
Suppose 1252*w = 1242*w - 250. Let l = 3 - 6. Let a = l - w. Calculate the greatest common divisor of 22 and a.
22
Let a = 852 - 798. Let r(s) = -s**3 + 13*s**2 - 12*s + 16. Let b be r(11). What is the greatest common divisor of b and a?
18
Suppose -38 = -4*s + 70. Let i be ((-40)/24 - -5)*66/4. Suppose -i + 1 = -2*l. What is the greatest common factor of l and s?
27
Let j = 1719 - 1569. Calculate the highest common divisor of j and 3075.
75
Suppose -h - 20 = -6*h. Let p(v) = -12*v + 108. Let m be p(h). What is the highest common divisor of 75 and m?
15
Let x be 7/((-28)/(-12)) + -3. Suppose 2*u + u - 54 = x. Suppose 3*k - 6*k + 3*j = -24, 3*j = 5*k - 42. Calculate the highest common divisor of u and k.
9
Suppose 2*a = 0, b - a + 7 - 22 = 0. Suppose 13*j = b*j - 42. Suppose -3*h = -107 + 23. Calculate the highest common factor of j and h.
7
Suppose 1253*v - 1249*v = -3*u + 10258, -5*v - 3*u = -12818. What is the greatest common factor of 880 and v?
80
Suppose 0 = 3*d + 21, 3*z + 4*d - 2096 - 3651 = 0. Calculate the greatest common factor of 350 and z.
175
Let j(s) = 42*s - 84 + 2*s**2 + 72 + 88. Let c be j(-29). Calculate the highest common factor of c and 72.
36
Let s(i) = 201 - 26*i - 64*i - 3*i + 31*i + 184. Let y be s(6). Let x be (-1)/((-1)/(13*3)). Calculate the highest common factor of x and y.
13
Suppose -84100 = -177*t + 53429. Calculate the highest common factor of 441 and t.
21
Let s(p) = -p**3 + 19*p**2 - 19*p + 21. Let l be s(18). Suppose 26 = l*q + 125. Let i = 41 + q. What is the greatest common factor of i and 24?
8
Suppose -3324 - 3480 = 9*g. Let m be (7 + 3)*(g/15)/(-6). Calculate the highest common divisor of m and 24.
12
Let g(l) = 35*l - 10*l - 13*l + 10 - 11*l. Let m(a) = a - 1. Let d be m(-5). Let z be g(d). What is the highest common divisor of z and 6?
2
Suppose 181*l - 182*l = -5*w + 284, -4*w = 4*l - 184. Suppose 2*p - 396 = -2*p. Calculate the greatest common divisor of p and w.
11
Let s(m) = 13 + 319*m + 2*m**2 - 347*m + 1. Let n be s(14). Calculate the highest common divisor of 56 and n.
14
Let w(h) = -104*h + 234. Let y be w(-5). Calculate the greatest common divisor of 26 and y.
26
Suppose -2*c = -4*v - 3840, -4*v - 4219 = -5*c + 5345. What is the greatest common divisor of c and 36?
36
Let r = 13038 + -6915. What is the greatest common factor of 39 and r?
39
Let x = -3785 - -3798. Let n be (-6)/4*80/6. Let i be n/2*2*-13. Calculate the highest common factor of i and x.
13
Suppose -2*i = 4*o - 384, 5*o - 480 = -591*i + 595*i. Calculate the greatest common divisor of o and 10368.
96
Let x = -241 - -259. Suppose 4*j - 87 = 3*o, 2*o + x = 3*j - 2*j. Calculate the greatest common divisor of 168 and j.
24
Suppose -7 = -0*c - 5*c - d, 5*c - 3*d = -1. Let j be c*((4 - 5)*-523 + -1). Calculate the greatest common factor of j and 58.
58
Let j(c) = c**3 - 4*c**2 + 13*c + 10. Suppose -28*r + 28 = -24*r + y, 5*r - 2*y = 35. Let n be j(r). What is the highest common divisor of n and 31?
31
Let u be 254/7 + (-4)/14. Let x = 784 + -417. Let s = -363 + x. Calculate the highest common divisor of s and u.
4
Let y be 1770 + (1 + -109)/6. What is the greatest common divisor of 48 and y?
24
Let w = -117 - -70. Let h = -46 - w. Let z(u) = 15*u**3 + 4*u**2 - 3*u. Let q be z(h). Calculate the greatest common divisor of 8 and q.
8
Let z be (4/(-6))/(1 - (-670)/(-660)). What is the highest common divisor of z and 3014?
22
Let c = 11359 + -10456. What is the greatest